 - 59 = 5*l, 18 + 155 = 4*h + l. Suppose -2*i - 2 + h = 0. Suppose 3*n - 3*c - i = -0*c, -5*c = -n + 27. Give k(n).
-5
Let q = 144 + -147. Let r(g) = -8*g - 1. Calculate r(q).
23
Let l(a) be the second derivative of -a**4/12 - 5*a**3/6 - 2*a**2 - 2*a. Give l(-6).
-10
Let m(f) = f**2 + 4*f - 6. Let n(l) = -2*l**2 - 2*l - 2. Let v be n(-2). Let g be m(v). Let r(i) = i - 2. Calculate r(g).
4
Let f = -1 - 1. Let n(t) be the second derivative of 1/20*t**5 + 0 + 0*t**4 - 1/2*t**3 - 1/2*t**2 + t. What is n(f)?
-3
Let j(c) = -5 - 2*c + 4*c - 2*c + 8*c + c**2. What is j(-6)?
-17
Let i(y) = -y**2 - 5*y + 3. Let a be i(-5). Let n(u) be the second derivative of -u**4/12 + 5*u**3/6 - u**2/2 + 12*u. Calculate n(a).
5
Let h(b) = -8*b**2 - b**3 + 5*b**2 - 2 + 3*b + 0*b**3 + b. Calculate h(-4).
-2
Let u be (25/10)/(10/12). Let r(s) be the second derivative of -s**4/12 + 2*s**3/3 - s**2/2 - s. Determine r(u).
2
Let n = -1 - 0. Let h(d) = 4*d**3 + 4*d**2 + 3. Let i(a) = -a**2 - 1. Let p(m) = m**2 + m - 3. Let x be p(-3). Let g(c) = x*i(c) + h(c). What is g(n)?
-3
Let j(u) = 2*u - 2 + u + 1 - 4*u. Give j(4).
-5
Let i = -31 + 34. Let v(f) be the first derivative of 1/2*f**2 + 8*f + i. What is v(-5)?
3
Let b(r) = -r**2 + 4*r - 5. Let v be 3 - 5/((-20)/8). Determine b(v).
-10
Let q(d) be the first derivative of -1/6*d**3 + 3 - 3/2*d**2 - d. Let m(a) be the first derivative of q(a). Give m(-2).
-1
Let t(y) be the first derivative of -y**7/840 - y**6/360 + y**5/120 + y**4/2 - y**3 - 3. Let r(z) be the third derivative of t(z). Determine r(0).
12
Let o be -6 + 3 + 54/3. Suppose -3*k = o, 0*k + 3*k = -3*a - 6. Let c(p) = p - 2. Calculate c(a).
1
Let o(a) be the first derivative of 2*a**2 - 4*a - 11. Determine o(5).
16
Suppose 3*d = -5*o + 20, -5*o + 5*d + 20 = -0*d. Let z(n) = 6*n - 3*n + 7*n - 5*n - n**2 + 1. Calculate z(o).
5
Suppose 3*m - 5 = -2*m. Let h(s) = 3*s - 3*s**2 + m - 3*s. Suppose -5*x - l + 6 = -2*l, -3*x + 7 = -4*l. Calculate h(x).
-2
Suppose 15 = -6*c + 9*c. Let d(m) = -3 + 10 - 3*m + 2*m. Calculate d(c).
2
Let a(v) = 7*v + 8. Let l(b) = 3*b + 1. Let h(q) = -a(q) + 2*l(q). Let g be (-1)/2 + (-2)/(-4). What is h(g)?
-6
Let c(g) = 7*g + 1 + g**2 + 1 + 0*g**2. Suppose 4*a - 35 = 3*h, -h - 3*a = -8 - 2. Determine c(h).
-8
Let f(z) = -3*z**3 - 3*z**2 + 4*z + 1. Let q(v) = -7*v**3 - 6*v**2 + 8*v + 2. Let c(i) = -5*f(i) + 2*q(i). Suppose -b + 2 = 6. Calculate c(b).
-1
Let x = -29/2 - -15. Let n(c) be the first derivative of c + 2 - x*c**2. Calculate n(-5).
6
Let o(v) be the third derivative of v**4/24 + v**3/6 - 2*v**2. Give o(-1).
0
Let u(s) = -s**2 - s - 3. Let f be (6/18)/(((-8)/(-18))/(-4)). What is u(f)?
-9
Let h be (0 - (0 - -3))*1. Let p(d) be the first derivative of -d**3/3 - 2*d**2 + d + 10. Give p(h).
4
Let n(h) = h - 1. Let s(q) = -2*q - 27. Let v(b) be the first derivative of b**2/2 + 14*b + 1. Let a(y) = 6*s(y) + 11*v(y). Let t be a(-8). Give n(t).
-1
Let n(d) = -d**2 + 6*d + 4. Suppose 6 + 1 = f. Let j be n(f). Let q(c) = -c**3 - 2*c**2 + 2*c + 3. Calculate q(j).
6
Let m(q) = 1 - 2 + 3*q - 5 + 4. Give m(4).
10
Let g(y) = 2*y**2 - 3*y + 1. Let a = -2 - -4. Let s be g(a). Let n(x) = 8 - s*x - 8. Give n(2).
-6
Let q(u) be the third derivative of u**5/60 - 5*u**4/24 + 5*u**3/6 + u**2. Let t be q(4). Suppose -3*s + t = 13. Let w(h) = -h**2 - 5*h - 6. Give w(s).
-2
Let l be 180/22 - 4/22. Let v be 6/l - 4/(-16). Let s(q) = 1. Let d(o) = o**3 + o**2 + o - 3. Let b(n) = d(n) + 2*s(n). Calculate b(v).
2
Let w(x) be the second derivative of x**6/360 - x**5/15 - x**4/4 + 2*x. Let v(q) be the third derivative of w(q). What is v(6)?
4
Let f(z) = -14*z**3 - z. Let h = 20 - 19. Determine f(h).
-15
Suppose k - 2*i + 2 = -4*i, 0 = -3*k - 2*i + 14. Let u(v) = -v + 8. Give u(k).
0
Let x(m) = 2*m**2 - m + 7. Let s be x(0). Let g(b) = b - 3. Determine g(s).
4
Let d(j) = j**3 - 27*j**2 + 49*j + 17. Let i be d(25). Let f(o) = o**2 + 4*o - 10. Calculate f(i).
22
Let t(k) = 9*k + 25. Let w be t(-4). Let x(i) = i**2 + 10*i - 8. Give x(w).
3
Let y(p) be the first derivative of -1/2*p**2 + 3*p - 1. Let t = -7 - -7. Determine y(t).
3
Let m(t) = t + 10. Let y be m(-13). Let r be y*(-2)/3 - 6. Let s(d) = -2*d + 4 - 3*d**2 + 0 + 2*d**2. Give s(r).
-4
Suppose 0 = -5*a - 2*a - 56. Let u(s) = -s - 7. Determine u(a).
1
Let q(h) = h**2 + 7*h + 2. Let t be q(-7). Suppose -2*c - t = 2, -3*j - 22 = 5*c. Let g(p) = 139*p**2 + 7 - 3*p - 278*p**2 - 4 + 138*p**2. Determine g(j).
-1
Let s(t) = 2*t**3 + 3*t**2 + 2*t + 3. Let z be s(-2). Let m(o) = o**3 + 6*o**2 + 3*o - 5. Give m(z).
5
Let o(r) = r**2 + r - 4. Let s be o(-3). Let z(b) be the first derivative of 1/2*b**2 + s*b - 1/3*b**3 - 2. Determine z(3).
-4
Let x(u) be the first derivative of -u**6/120 - u**5/20 + u**4/24 - u**3/3 - u**2 - 1. Let z(l) be the second derivative of x(l). What is z(-3)?
-5
Let w(a) be the second derivative of -a**3/6 - 3*a**2/2 - a. Suppose 12*q - 5 = 13*q. Determine w(q).
2
Suppose n + 11 = 3*w + w, -4 = -2*n - 5*w. Let x(a) = 2*a + 1. Let z(m) = -m. Let b(j) = n*z(j) - x(j). Calculate b(-5).
-6
Let u be -2*1*(-15)/(-6). Let g(w) be the third derivative of 7/24*w**4 + 2/3*w**3 + 0*w + 0 + w**2 + 1/60*w**5. What is g(u)?
-6
Let k(u) = 49 + 6*u - 8*u - 50. Calculate k(1).
-3
Let i(z) = -3*z**3 + 3*z**2 - 4*z + 2. Let t(l) = -4*l**3 + 3*l**2 - 5*l + 3. Let h(p) = 5*i(p) - 4*t(p). Suppose 0 = 5*s + 11 + 4. Give h(s).
-2
Let l be 14/21 - 50/(-6). Let k(p) = -p + 3. Give k(l).
-6
Let k(h) = -4*h**3 + h**2 + h + 1. Let w be (-4)/(24/3)*2. What is k(w)?
5
Let p = 49 - 50. Let y(n) = 4*n**2 + 2*n + 1. Determine y(p).
3
Let y = -82 - -86. Let u(j) = j**2 - 2*j - 1. Give u(y).
7
Let j(y) = 2*y**3 + 5*y**3 + 2 - 8*y**3 - y - 7*y**2. Suppose 10 = 5*z, 2*l + 3*z = -0*l - 8. Give j(l).
9
Let z(i) be the first derivative of i**2 + 4 - i - 7/3*i**3. Let b(q) = -13*q**2 + 4*q - 2. Let s(a) = 4*b(a) - 7*z(a). Calculate s(1).
-2
Let q(u) = 2*u**2 + 5*u + 3. Suppose 0 = 30*h - 28*h + 6. Give q(h).
6
Let h(v) be the second derivative of v**3/2 + v**2/2 + v. Determine h(-1).
-2
Let q(p) = -p**3 - 5*p**2 + 6*p + 1. Suppose 0*t + 2*t - 5*i = -27, 0 = -5*t + 3*i - 39. What is q(t)?
1
Suppose 5*n - 11 = -1. Suppose -10 = -2*g - 0*g. Suppose g = -n*l - 1. Let w(k) = k**3 + 4*k**2 + 3*k. Give w(l).
0
Let x be 52/16 - 3/12. Let l(t) = 4*t**3 + 2*t**2 + 3*t - 1. Let y(h) = -5*h**3 - h**2 - 2*h + 2. Let m(j) = x*y(j) + 4*l(j). Give m(-4).
-6
Suppose 4*c + 8 + 24 = 0. Let i(g) = -g**2 - 7*g + 6. What is i(c)?
-2
Let a be (-1 - 2)*2/(-3). Suppose -d + a*d - 7 = 0. Let m(p) = -p**3 + 8*p**2 - 7*p + 4. Let g be m(d). Let u(b) = b - 2. Give u(g).
2
Let l = -502 - -505. Suppose 2*n - 2*a - 6 = -0*n, 0 = -5*a. Let s(j) = -1 + 0*j**3 - 2*j**n + 2*j + 3*j**3 - 3*j**2. Calculate s(l).
5
Let p(x) = x**3 - 5*x**2 - 5*x - 7. Let f(a) = 13 + 3 + 0 + a**2 - 12*a. Let h be f(11). Let m be h*(72/(-15))/(-4). Give p(m).
-1
Let z be 5/(70/(-12))*-7. Let c(p) = -2 + 4 - p**2 - 10 + 7*p + 2. Give c(z).
0
Suppose -24 = -12*r + 12. Let i(x) = -5*x**3 - 15*x**2 + 2*x + 8. Let n(a) = 3*a**3 + 8*a**2 - a - 4. Let y(b) = 4*i(b) + 7*n(b). What is y(r)?
-2
Suppose 0*u = 5*f - 3*u + 47, -3*f + 2*u = 29. Suppose c + 5*h = 16, -3*h - h + 8 = 0. Let j = f + c. Let s(b) = -5*b**2 - b - 1. Determine s(j).
-5
Let u(x) = 1. Let z(q) = -q**2 + q + 4. Let l(h) = -3*u(h) + z(h). Let m(o) = -4*o**2 + 6*o + 5. Let w(n) = -5*l(n) + m(n). Calculate w(0).
0
Let y(b) = -1. Let t(f) = f**2 - f + 5. Let c(d) = t(d) - 2*y(d). Give c(0).
7
Let s be (-4)/(-10) + 7/(-5). Let a(w) = 0*w**3 - 5*w**3 + 0*w**3. What is a(s)?
5
Suppose -d = 4*a - 11 - 23, -4*a + 24 = -4*d. Let v(l) = a + 0*l - 3 - l. What is v(-5)?
10
Suppose 15 = -0*r + 3*r - 3*p, -p = 4. Let a(b) = 27*b**3 + 7*b - 7. Let l(t) = -14*t**3 - 4*t + 4. Let u(h) = 3*a(h) + 5*l(h). Calculate u(r).
11
Suppose 3 = -5*o + 23. Let l = -8 + o. Let v(t) be the third derivative of t**6/120 + t**5/20 - t**4/6 - t**3/6 + 2*t**2. Give v(l).
-1
Let k(z) = -2*z + 1 + 3*z**2 + 4 - 8*z**3 + 9*z**3. Let f = -13 - -9. Determine k(f).
-3
Let r(x) = -2*x**2 + 2. Let f be (-14)/(-8) - (-3)/12. Suppose -f*w - 10 = 4*p, -3*p - 2 = -4*w - 0. What is r(p)?
-6
Let r(u) = 2*u**2 - 3*u - 1. Let l = -16 + 22. Suppose l*c = c + 15. Give r(c).
8
Let p(i) = -4